{"id":235861,"date":"2025-06-06T12:37:41","date_gmt":"2025-06-06T12:37:41","guid":{"rendered":"https:\/\/airtificial.com\/aerospace-defense\/?page_id=235861"},"modified":"2025-06-06T12:41:07","modified_gmt":"2025-06-06T12:41:07","slug":"proyecto-modierco","status":"publish","type":"page","link":"https:\/\/airtificial.com\/aerospace-defense\/proyecto-modierco\/","title":{"rendered":"Proyecto MODIERCO"},"content":{"rendered":"<p data-start=\"937\" data-end=\"1451\"><strong data-start=\"937\" data-end=\"961\">El proyecto MODIERCO<\/strong> (Sensores Captadores de Datos en proceso de compuestos para crear un gemelo digital), ha consistido en el desarrollo de una red de sensores distribuidos a lo largo del proceso productivo de elementales de composites, gestionando la informaci\u00f3n digital en una piscina de informaci\u00f3n creando un sistema Ciber F\u00edsico con herramientas de simulaci\u00f3n que realizan una monitorizaci\u00f3n del comportamiento de la estructura y permite predecir c\u00f3mo se va a comportar una pieza anteponi\u00e9ndose al fallo.<\/p>\n<p data-start=\"1453\" data-end=\"1722\">El proyecto MODIERCO ha sido financiado por el Ministerio de Industria, Comercio y Turismo en la convocatoria de concesi\u00f3n de apoyo financiero a proyectos de I+D+i en el \u00e1mbito de la Industria Conectada 4.0 en el a\u00f1o 2019 con n\u00famero de expediente <strong data-start=\"1700\" data-end=\"1721\">IC4-030000-2019-2<\/strong>.<\/p>\n","protected":false},"excerpt":{"rendered":"<p>El proyecto MODIERCO (Sensores Captadores de Datos en proceso de compuestos para crear un gemelo digital), ha consistido en el desarrollo de una red de sensores distribuidos a lo largo del proceso productivo de elementales de composites, gestionando la informaci\u00f3n digital en una piscina de informaci\u00f3n creando un sistema Ciber F\u00edsico con herramientas de simulaci\u00f3n [&hellip;]<\/p>\n","protected":false},"author":1,"featured_media":0,"parent":0,"menu_order":1,"comment_status":"closed","ping_status":"closed","template":"","meta":{"_acf_changed":false,"inline_featured_image":false,"footnotes":""},"class_list":["post-235861","page","type-page","status-publish","hentry"],"acf":[],"yoast_head":"<!-- This site is optimized with the Yoast SEO plugin v27.3 - https:\/\/yoast.com\/product\/yoast-seo-wordpress\/ -->\n<title>Proyecto MODIERCO - Aerospace &amp; Defense<\/title>\n<meta name=\"robots\" content=\"index, follow, max-snippet:-1, max-image-preview:large, max-video-preview:-1\" \/>\n<link rel=\"canonical\" href=\"https:\/\/airtificial.com\/aerospace-defense\/proyecto-modierco\/\" \/>\n<meta property=\"og:locale\" content=\"es_ES\" \/>\n<meta property=\"og:type\" content=\"article\" \/>\n<meta property=\"og:title\" content=\"Proyecto MODIERCO - Aerospace &amp; Defense\" \/>\n<meta property=\"og:description\" content=\"El proyecto MODIERCO (Sensores Captadores de Datos en proceso de compuestos para crear un gemelo digital), ha consistido en el desarrollo de una red de sensores distribuidos a lo largo del proceso productivo de elementales de composites, gestionando la informaci\u00f3n digital en una piscina de informaci\u00f3n creando un sistema Ciber F\u00edsico con herramientas de simulaci\u00f3n [&hellip;]\" \/>\n<meta property=\"og:url\" content=\"https:\/\/airtificial.com\/aerospace-defense\/proyecto-modierco\/\" \/>\n<meta property=\"og:site_name\" content=\"Aerospace &amp; Defense\" \/>\n<meta property=\"article:modified_time\" content=\"2025-06-06T12:41:07+00:00\" \/>\n<meta name=\"twitter:card\" content=\"summary_large_image\" \/>\n<!-- \/ Yoast SEO plugin. -->","yoast_head_json":{"title":"Proyecto MODIERCO - Aerospace &amp; Defense","robots":{"index":"index","follow":"follow","max-snippet":"max-snippet:-1","max-image-preview":"max-image-preview:large","max-video-preview":"max-video-preview:-1"},"canonical":"https:\/\/airtificial.com\/aerospace-defense\/proyecto-modierco\/","og_locale":"es_ES","og_type":"article","og_title":"Proyecto MODIERCO - Aerospace &amp; Defense","og_description":"El proyecto MODIERCO (Sensores Captadores de Datos en proceso de compuestos para crear un gemelo digital), ha consistido en el desarrollo de una red de sensores distribuidos a lo largo del proceso productivo de elementales de composites, gestionando la informaci\u00f3n digital en una piscina de informaci\u00f3n creando un sistema Ciber F\u00edsico con herramientas de simulaci\u00f3n [&hellip;]","og_url":"https:\/\/airtificial.com\/aerospace-defense\/proyecto-modierco\/","og_site_name":"Aerospace &amp; Defense","article_modified_time":"2025-06-06T12:41:07+00:00","twitter_card":"summary_large_image","schema":{"@context":"https:\/\/schema.org","@graph":[{"@type":"WebPage","@id":"https:\/\/airtificial.com\/aerospace-defense\/proyecto-modierco\/","url":"https:\/\/airtificial.com\/aerospace-defense\/proyecto-modierco\/","name":"Proyecto MODIERCO - Aerospace &amp; Defense","isPartOf":{"@id":"https:\/\/airtificial.com\/aerospace-defense\/#website"},"datePublished":"2025-06-06T12:37:41+00:00","dateModified":"2025-06-06T12:41:07+00:00","breadcrumb":{"@id":"https:\/\/airtificial.com\/aerospace-defense\/proyecto-modierco\/#breadcrumb"},"inLanguage":"es","potentialAction":[{"@type":"ReadAction","target":["https:\/\/airtificial.com\/aerospace-defense\/proyecto-modierco\/"]}]},{"@type":"BreadcrumbList","@id":"https:\/\/airtificial.com\/aerospace-defense\/proyecto-modierco\/#breadcrumb","itemListElement":[{"@type":"ListItem","position":1,"name":"Portada","item":"https:\/\/airtificial.com\/aerospace-defense\/"},{"@type":"ListItem","position":2,"name":"Proyecto MODIERCO"}]},{"@type":"WebSite","@id":"https:\/\/airtificial.com\/aerospace-defense\/#website","url":"https:\/\/airtificial.com\/aerospace-defense\/","name":"Aerospace &amp; Defense","description":"Otro sitio m\u00e1s de Airtificial sitios","potentialAction":[{"@type":"SearchAction","target":{"@type":"EntryPoint","urlTemplate":"https:\/\/airtificial.com\/aerospace-defense\/?s={search_term_string}"},"query-input":{"@type":"PropertyValueSpecification","valueRequired":true,"valueName":"search_term_string"}}],"inLanguage":"es"}]}},"_links":{"self":[{"href":"https:\/\/airtificial.com\/aerospace-defense\/wp-json\/wp\/v2\/pages\/235861","targetHints":{"allow":["GET"]}}],"collection":[{"href":"https:\/\/airtificial.com\/aerospace-defense\/wp-json\/wp\/v2\/pages"}],"about":[{"href":"https:\/\/airtificial.com\/aerospace-defense\/wp-json\/wp\/v2\/types\/page"}],"author":[{"embeddable":true,"href":"https:\/\/airtificial.com\/aerospace-defense\/wp-json\/wp\/v2\/users\/1"}],"replies":[{"embeddable":true,"href":"https:\/\/airtificial.com\/aerospace-defense\/wp-json\/wp\/v2\/comments?post=235861"}],"version-history":[{"count":2,"href":"https:\/\/airtificial.com\/aerospace-defense\/wp-json\/wp\/v2\/pages\/235861\/revisions"}],"predecessor-version":[{"id":235865,"href":"https:\/\/airtificial.com\/aerospace-defense\/wp-json\/wp\/v2\/pages\/235861\/revisions\/235865"}],"wp:attachment":[{"href":"https:\/\/airtificial.com\/aerospace-defense\/wp-json\/wp\/v2\/media?parent=235861"}],"curies":[{"name":"wp","href":"https:\/\/api.w.org\/{rel}","templated":true}]}}