{"id":27,"date":"2018-09-26T07:22:15","date_gmt":"2018-09-26T05:22:15","guid":{"rendered":"http:\/\/www.airtificial.com\/?page_id=27"},"modified":"2021-09-13T11:44:59","modified_gmt":"2021-09-13T11:44:59","slug":"inicio","status":"publish","type":"page","link":"https:\/\/airtificial.com\/aerospace-defense\/","title":{"rendered":"Inicio"},"content":{"rendered":"<h3>Airtificial A&amp;D ofrece <strong>soluciones completas<\/strong> (dise\u00f1o, prototipado, industrializaci\u00f3n, producci\u00f3n en serie), <strong>tecnol\u00f3gicas<\/strong> (composites, electr\u00f3nica, mec\u00e1nica, software, el\u00e9ctrica) <strong>y flexibles<\/strong> (amplio rango de cadencias para abordar programas civiles y militares) para m\u00faltiples y diversos sectores<\/h3>\n","protected":false},"excerpt":{"rendered":"<p>Airtificial A&amp;D ofrece soluciones completas (dise\u00f1o, prototipado, industrializaci\u00f3n, producci\u00f3n en serie), tecnol\u00f3gicas (composites, electr\u00f3nica, mec\u00e1nica, software, el\u00e9ctrica) y flexibles (amplio rango de cadencias para abordar programas civiles y militares) para m\u00faltiples y diversos sectores<\/p>\n","protected":false},"author":1,"featured_media":0,"parent":0,"menu_order":10,"comment_status":"closed","ping_status":"closed","template":"","meta":{"_acf_changed":false,"inline_featured_image":false,"footnotes":""},"class_list":["post-27","page","type-page","status-publish","hentry"],"acf":[],"yoast_head":"<!-- This site is optimized with the Yoast SEO plugin v27.4 - https:\/\/yoast.com\/product\/yoast-seo-wordpress\/ -->\n<title>Inicio - Aerospace &amp; Defense<\/title>\n<meta name=\"robots\" content=\"index, follow, max-snippet:-1, max-image-preview:large, max-video-preview:-1\" \/>\n<link rel=\"canonical\" href=\"https:\/\/airtificial.com\/aerospace-defense\/\" \/>\n<meta property=\"og:locale\" content=\"es_ES\" \/>\n<meta property=\"og:type\" content=\"article\" \/>\n<meta property=\"og:title\" content=\"Inicio - Aerospace &amp; Defense\" \/>\n<meta property=\"og:description\" content=\"Airtificial A&amp;D ofrece soluciones completas (dise\u00f1o, prototipado, industrializaci\u00f3n, producci\u00f3n en serie), tecnol\u00f3gicas (composites, electr\u00f3nica, mec\u00e1nica, software, el\u00e9ctrica) y flexibles (amplio rango de cadencias para abordar programas civiles y militares) para m\u00faltiples y diversos sectores\" \/>\n<meta property=\"og:url\" content=\"https:\/\/airtificial.com\/aerospace-defense\/\" \/>\n<meta property=\"og:site_name\" content=\"Aerospace &amp; Defense\" \/>\n<meta property=\"article:modified_time\" content=\"2021-09-13T11:44:59+00:00\" \/>\n<meta name=\"twitter:card\" content=\"summary_large_image\" \/>\n<meta name=\"twitter:label1\" content=\"Tiempo de lectura\" \/>\n\t<meta name=\"twitter:data1\" content=\"1 minuto\" \/>\n<!-- \/ Yoast SEO plugin. -->","yoast_head_json":{"title":"Inicio - Aerospace &amp; Defense","robots":{"index":"index","follow":"follow","max-snippet":"max-snippet:-1","max-image-preview":"max-image-preview:large","max-video-preview":"max-video-preview:-1"},"canonical":"https:\/\/airtificial.com\/aerospace-defense\/","og_locale":"es_ES","og_type":"article","og_title":"Inicio - Aerospace &amp; Defense","og_description":"Airtificial A&amp;D ofrece soluciones completas (dise\u00f1o, prototipado, industrializaci\u00f3n, producci\u00f3n en serie), tecnol\u00f3gicas (composites, electr\u00f3nica, mec\u00e1nica, software, el\u00e9ctrica) y flexibles (amplio rango de cadencias para abordar programas civiles y militares) para m\u00faltiples y diversos sectores","og_url":"https:\/\/airtificial.com\/aerospace-defense\/","og_site_name":"Aerospace &amp; Defense","article_modified_time":"2021-09-13T11:44:59+00:00","twitter_card":"summary_large_image","twitter_misc":{"Tiempo de lectura":"1 minuto"},"schema":{"@context":"https:\/\/schema.org","@graph":[{"@type":"WebPage","@id":"https:\/\/airtificial.com\/aerospace-defense\/","url":"https:\/\/airtificial.com\/aerospace-defense\/","name":"Inicio - Aerospace &amp; Defense","isPartOf":{"@id":"https:\/\/airtificial.com\/aerospace-defense\/#website"},"datePublished":"2018-09-26T05:22:15+00:00","dateModified":"2021-09-13T11:44:59+00:00","breadcrumb":{"@id":"https:\/\/airtificial.com\/aerospace-defense\/#breadcrumb"},"inLanguage":"es","potentialAction":[{"@type":"ReadAction","target":["https:\/\/airtificial.com\/aerospace-defense\/"]}]},{"@type":"BreadcrumbList","@id":"https:\/\/airtificial.com\/aerospace-defense\/#breadcrumb","itemListElement":[{"@type":"ListItem","position":1,"name":"Portada","item":"https:\/\/airtificial.com\/aerospace-defense\/"},{"@type":"ListItem","position":2,"name":"Inicio"}]},{"@type":"WebSite","@id":"https:\/\/airtificial.com\/aerospace-defense\/#website","url":"https:\/\/airtificial.com\/aerospace-defense\/","name":"Aerospace &amp; Defense","description":"Otro sitio m\u00e1s de Airtificial sitios","potentialAction":[{"@type":"SearchAction","target":{"@type":"EntryPoint","urlTemplate":"https:\/\/airtificial.com\/aerospace-defense\/?s={search_term_string}"},"query-input":{"@type":"PropertyValueSpecification","valueRequired":true,"valueName":"search_term_string"}}],"inLanguage":"es"}]}},"_links":{"self":[{"href":"https:\/\/airtificial.com\/aerospace-defense\/wp-json\/wp\/v2\/pages\/27","targetHints":{"allow":["GET"]}}],"collection":[{"href":"https:\/\/airtificial.com\/aerospace-defense\/wp-json\/wp\/v2\/pages"}],"about":[{"href":"https:\/\/airtificial.com\/aerospace-defense\/wp-json\/wp\/v2\/types\/page"}],"author":[{"embeddable":true,"href":"https:\/\/airtificial.com\/aerospace-defense\/wp-json\/wp\/v2\/users\/1"}],"replies":[{"embeddable":true,"href":"https:\/\/airtificial.com\/aerospace-defense\/wp-json\/wp\/v2\/comments?post=27"}],"version-history":[{"count":50,"href":"https:\/\/airtificial.com\/aerospace-defense\/wp-json\/wp\/v2\/pages\/27\/revisions"}],"predecessor-version":[{"id":231544,"href":"https:\/\/airtificial.com\/aerospace-defense\/wp-json\/wp\/v2\/pages\/27\/revisions\/231544"}],"wp:attachment":[{"href":"https:\/\/airtificial.com\/aerospace-defense\/wp-json\/wp\/v2\/media?parent=27"}],"curies":[{"name":"wp","href":"https:\/\/api.w.org\/{rel}","templated":true}]}}