{"id":78,"date":"2021-03-09T16:10:24","date_gmt":"2021-03-09T16:10:24","guid":{"rendered":"https:\/\/airtificial.com\/intelligent-robots\/?page_id=78"},"modified":"2021-08-24T09:22:23","modified_gmt":"2021-08-24T09:22:23","slug":"tecnologias-de-prueba-avanzadas","status":"publish","type":"page","link":"https:\/\/airtificial.com\/intelligent-robots\/productos\/tecnologias-de-prueba-avanzadas\/","title":{"rendered":"Tecnolog\u00edas de prueba avanzadas"},"content":{"rendered":"<p><!--more--><\/p>\n<h4><strong>Producci\u00f3n<\/strong><\/h4>\n<p><strong>En producci\u00f3n, hemos desarrollado l\u00edneas de prueba completas, con estaciones de verificaci\u00f3n autom\u00e1ticas para piezas complejas y activas, con el dise\u00f1o de sistemas para el acoplamiento autom\u00e1tico en ejes, conexi\u00f3n autom\u00e1tica e identificaci\u00f3n de piezas o pallets para la trazabilidad.<\/strong><\/p>\n<p>En otras aplicaciones, el concepto de estaci\u00f3n independiente hace posibles sistemas m\u00e1s flexibles que se adaptan al crecimiento de la producci\u00f3n, reduciendo as\u00ed el coste de los equipos para pa\u00edses con costes laborales m\u00e1s econ\u00f3micos y permitiendo layouts de f\u00e1brica m\u00e1s din\u00e1micos (transferencias de piezas de producci\u00f3n, aumento o reducci\u00f3n de la producci\u00f3n, paros t\u00e9cnicos parciales, etc.).<\/p>\n<p>&nbsp;<\/p>\n<h4><strong>Laboratorio<\/strong><\/h4>\n<p><strong>Para los laboratorios, el suministro de bancos de fatiga, vibraci\u00f3n y funcionales durante m\u00e1s de dos d\u00e9cadas habla por s\u00ed solo del desarrollo de equipos de prueba, utilizando la \u00faltima tecnolog\u00eda de medici\u00f3n, experiencia comprobada en adquisici\u00f3n y an\u00e1lisis de datos y en actuaci\u00f3n (actuadores rotativos y lineales) y sistemas de control.<\/strong><\/p>\n<p>La amplia gama de equipos desarrollados incluye varios productos de prueba y varios tipos de pruebas. En Airtificial Intelligent Robots, la calidad tambi\u00e9n significa un estricto cumplimiento de la fiabilidad t\u00e9cnica.<\/p>\n","protected":false},"excerpt":{"rendered":"","protected":false},"author":1,"featured_media":0,"parent":8,"menu_order":9,"comment_status":"closed","ping_status":"closed","template":"t-intelligent-robots\/template-product-index.php","meta":{"_acf_changed":false,"inline_featured_image":false,"footnotes":""},"class_list":["post-78","page","type-page","status-publish","hentry"],"acf":[],"yoast_head":"<!-- This site is optimized with the Yoast SEO plugin v27.4 - https:\/\/yoast.com\/product\/yoast-seo-wordpress\/ -->\n<title>Tecnolog\u00edas de prueba avanzadas - Intelligent Robots<\/title>\n<meta name=\"robots\" content=\"index, follow, max-snippet:-1, max-image-preview:large, max-video-preview:-1\" \/>\n<link rel=\"canonical\" href=\"https:\/\/airtificial.com\/intelligent-robots\/productos\/tecnologias-de-prueba-avanzadas\/\" \/>\n<meta property=\"og:locale\" content=\"es_ES\" \/>\n<meta property=\"og:type\" content=\"article\" \/>\n<meta property=\"og:title\" content=\"Tecnolog\u00edas de prueba avanzadas - Intelligent Robots\" \/>\n<meta property=\"og:url\" content=\"https:\/\/airtificial.com\/intelligent-robots\/productos\/tecnologias-de-prueba-avanzadas\/\" \/>\n<meta property=\"og:site_name\" content=\"Intelligent Robots\" \/>\n<meta property=\"article:modified_time\" content=\"2021-08-24T09:22:23+00:00\" \/>\n<meta name=\"twitter:card\" content=\"summary_large_image\" \/>\n<meta name=\"twitter:label1\" content=\"Tiempo de lectura\" \/>\n\t<meta name=\"twitter:data1\" content=\"1 minuto\" \/>\n<!-- \/ Yoast SEO plugin. -->","yoast_head_json":{"title":"Tecnolog\u00edas de prueba avanzadas - Intelligent Robots","robots":{"index":"index","follow":"follow","max-snippet":"max-snippet:-1","max-image-preview":"max-image-preview:large","max-video-preview":"max-video-preview:-1"},"canonical":"https:\/\/airtificial.com\/intelligent-robots\/productos\/tecnologias-de-prueba-avanzadas\/","og_locale":"es_ES","og_type":"article","og_title":"Tecnolog\u00edas de prueba avanzadas - Intelligent Robots","og_url":"https:\/\/airtificial.com\/intelligent-robots\/productos\/tecnologias-de-prueba-avanzadas\/","og_site_name":"Intelligent Robots","article_modified_time":"2021-08-24T09:22:23+00:00","twitter_card":"summary_large_image","twitter_misc":{"Tiempo de lectura":"1 minuto"},"schema":{"@context":"https:\/\/schema.org","@graph":[{"@type":"WebPage","@id":"https:\/\/airtificial.com\/intelligent-robots\/productos\/tecnologias-de-prueba-avanzadas\/","url":"https:\/\/airtificial.com\/intelligent-robots\/productos\/tecnologias-de-prueba-avanzadas\/","name":"Tecnolog\u00edas de prueba avanzadas - Intelligent Robots","isPartOf":{"@id":"https:\/\/airtificial.com\/intelligent-robots\/#website"},"datePublished":"2021-03-09T16:10:24+00:00","dateModified":"2021-08-24T09:22:23+00:00","breadcrumb":{"@id":"https:\/\/airtificial.com\/intelligent-robots\/productos\/tecnologias-de-prueba-avanzadas\/#breadcrumb"},"inLanguage":"es","potentialAction":[{"@type":"ReadAction","target":["https:\/\/airtificial.com\/intelligent-robots\/productos\/tecnologias-de-prueba-avanzadas\/"]}]},{"@type":"BreadcrumbList","@id":"https:\/\/airtificial.com\/intelligent-robots\/productos\/tecnologias-de-prueba-avanzadas\/#breadcrumb","itemListElement":[{"@type":"ListItem","position":1,"name":"Portada","item":"https:\/\/airtificial.com\/intelligent-robots\/"},{"@type":"ListItem","position":2,"name":"Productos","item":"https:\/\/airtificial.com\/intelligent-robots\/productos\/"},{"@type":"ListItem","position":3,"name":"Tecnolog\u00edas de prueba avanzadas"}]},{"@type":"WebSite","@id":"https:\/\/airtificial.com\/intelligent-robots\/#website","url":"https:\/\/airtificial.com\/intelligent-robots\/","name":"Intelligent Robots","description":"Otro sitio m\u00e1s de Airtificial sitios","potentialAction":[{"@type":"SearchAction","target":{"@type":"EntryPoint","urlTemplate":"https:\/\/airtificial.com\/intelligent-robots\/?s={search_term_string}"},"query-input":{"@type":"PropertyValueSpecification","valueRequired":true,"valueName":"search_term_string"}}],"inLanguage":"es"}]}},"_links":{"self":[{"href":"https:\/\/airtificial.com\/intelligent-robots\/wp-json\/wp\/v2\/pages\/78","targetHints":{"allow":["GET"]}}],"collection":[{"href":"https:\/\/airtificial.com\/intelligent-robots\/wp-json\/wp\/v2\/pages"}],"about":[{"href":"https:\/\/airtificial.com\/intelligent-robots\/wp-json\/wp\/v2\/types\/page"}],"author":[{"embeddable":true,"href":"https:\/\/airtificial.com\/intelligent-robots\/wp-json\/wp\/v2\/users\/1"}],"replies":[{"embeddable":true,"href":"https:\/\/airtificial.com\/intelligent-robots\/wp-json\/wp\/v2\/comments?post=78"}],"version-history":[{"count":13,"href":"https:\/\/airtificial.com\/intelligent-robots\/wp-json\/wp\/v2\/pages\/78\/revisions"}],"predecessor-version":[{"id":927,"href":"https:\/\/airtificial.com\/intelligent-robots\/wp-json\/wp\/v2\/pages\/78\/revisions\/927"}],"up":[{"embeddable":true,"href":"https:\/\/airtificial.com\/intelligent-robots\/wp-json\/wp\/v2\/pages\/8"}],"wp:attachment":[{"href":"https:\/\/airtificial.com\/intelligent-robots\/wp-json\/wp\/v2\/media?parent=78"}],"curies":[{"name":"wp","href":"https:\/\/api.w.org\/{rel}","templated":true}]}}